ainder when 811010 is divided by 241.
45
Calculate the remainder when 276714 is divided by 7899.
249
What is the remainder when 838333 is divided by 463?
303
Calculate the remainder when 557560 is divided by 30947.
514
Calculate the remainder when 536267 is divided by 1630.
1627
What is the remainder when 2131682 is divided by 173?
149
Calculate the remainder when 22339548 is divided by 17.
1
Calculate the remainder when 2475927 is divided by 4086.
3897
What is the remainder when 43300 is divided by 429?
400
What is the remainder when 2898404 is divided by 412?
396
Calculate the remainder when 904540 is divided by 186.
22
What is the remainder when 2817171 is divided by 1459?
1301
What is the remainder when 8767 is divided by 1748?
27
What is the remainder when 719658 is divided by 622?
4
What is the remainder when 631855 is divided by 3084?
2719
Calculate the remainder when 1435897 is divided by 179483.
33
Calculate the remainder when 6071658 is divided by 37.
32
Calculate the remainder when 1206007 is divided by 241200.
7
Calculate the remainder when 4674184 is divided by 467409.
94
Calculate the remainder when 4754099 is divided by 2251.
2238
Calculate the remainder when 8485970 is divided by 303067.
94
What is the remainder when 964251 is divided by 241044?
75
What is the remainder when 41729897 is divided by 4?
1
What is the remainder when 235406 is divided by 78441?
83
What is the remainder when 35003604 is divided by 7?
6
Calculate the remainder when 544065 is divided by 221.
184
Calculate the remainder when 57154 is divided by 54921.
2233
Calculate the remainder when 3736071 is divided by 636.
207
Calculate the remainder when 77373809 is divided by 133.
128
What is the remainder when 20443718 is divided by 37?
34
What is the remainder when 429403 is divided by 4568?
11
What is the remainder when 34694480 is divided by 122?
120
Calculate the remainder when 10804084 is divided by 87838.
10
Calculate the remainder when 2125528 is divided by 1062700.
128
Calculate the remainder when 3203989 is divided by 1116.
1069
Calculate the remainder when 9770289 is divided by 5754.
5751
What is the remainder when 414712 is divided by 10?
2
Calculate the remainder when 461353 is divided by 162.
139
Calculate the remainder when 1116125 is divided by 5968.
109
What is the remainder when 3499242 is divided by 1749614?
14
Calculate the remainder when 1436873 is divided by 239477.
11
What is the remainder when 2425429 is divided by 1394?
1263
Calculate the remainder when 12720 is divided by 339.
177
Calculate the remainder when 265485 is divided by 10648.
9933
What is the remainder when 230935 is divided by 4712?
47
Calculate the remainder when 2251952 is divided by 23.
22
What is the remainder when 27918724 is divided by 680944?
20
Calculate the remainder when 1130818 is divided by 43493.
0
Calculate the remainder when 7608333 is divided by 93.
3
Calculate the remainder when 10895056 is divided by 157.
41
Calculate the remainder when 6825446 is divided by 408.
14
Calculate the remainder when 1373898 is divided by 4227.
123
What is the remainder when 79554 is divided by 4424?
4346
What is the remainder when 7702820 is divided by 1013?
981
What is the remainder when 178811022 is divided by 75?
72
What is the remainder when 81512 is divided by 20001?
1508
Calculate the remainder when 38513118 is divided by 43.
39
What is the remainder when 25937528 is divided by 4212?
32
Calculate the remainder when 44336 is divided by 434.
68
What is the remainder when 33695773 is divided by 16?
13
Calculate the remainder when 39236605 is divided by 481.
473
Calculate the remainder when 3439487 is divided by 68759.
1537
What is the remainder when 8131086 is divided by 1355173?
48
What is the remainder when 518589 is divided by 6311?
1087
What is the remainder when 4515291 is divided by 3788?
3783
Calculate the remainder when 65117 is divided by 8718.
4091
What is the remainder when 8232458 is divided by 1646481?
53
Calculate the remainder when 293065834 is divided by 17.
12
Calculate the remainder when 1436281 is divided by 2434.
221
Calculate the remainder when 272928 is divided by 136121.
686
What is the remainder when 94557064 is divided by 4?
0
What is the remainder when 81186 is divided by 39835?
1516
Calculate the remainder when 385297 is divided by 6545.
5687
Calculate the remainder when 10334383 is divided by 1291795.
23
What is the remainder when 1779833 is divided by 254261?
6
Calculate the remainder when 8746380 is divided by 1081.
9
Calculate the remainder when 1103634 is divided by 1103551.
83
Calculate the remainder when 14214376 is divided by 1649.
1645
What is the remainder when 949483066 is divided by 2561?
2560
What is the remainder when 1995067 is divided by 5833?
181
What is the remainder when 3409844 is divided by 121?
64
What is the remainder when 921863638 is divided by 3713?
3711
Calculate the remainder when 2782084 is divided by 2115.
859
What is the remainder when 723136194 is divided by 12781?
12776
Calculate the remainder when 22993 is divided by 11287.
419
Calculate the remainder when 382292 is divided by 353.
346
Calculate the remainder when 28038 is divided by 25894.
2144
Calculate the remainder when 574929897 is divided by 317.
311
Calculate the remainder when 3733971 is divided by 23484.
15
Calculate the remainder when 6239 is divided by 2777.
685
Calculate the remainder when 5562281 is divided by 146375.
31
Calculate the remainder when 3088839 is divided by 79.
18
What is the remainder when 523130 is divided by 83?
64
Calculate the remainder when 206641 is divided by 103305.
31
Calculate the remainder when 61619224 is divided by 13941.
4
What is the remainder when 3091559 is divided by 184?
175
What is the remainder when 4398004 is divided by 10995?
4
Calculate the remainder when 1702475 is divided by 3062.
3
Calculate the remainder when 207369 is divided by 40687.
3934
Calculate the remainder when 3547004 is divided by 3207.
62
What is the remainder when 131256 is divided by 10080?
216
What is the remainder when 2999383 is divided by 5?
3
Calculate the remainder when 4051 is divided by 24.
19
Calculate the remainder when 6468349 is divided by 4141.
107
Calculate the remainder when 43791521 is divided by 2865.
2861
Calculate the remainder when 54741 is divided by 1433.
287
Calculate the remainder when 8263608 is divided by 155917.
7
What is the remainder when 1496954 is divided by 4940?
134
Calculate the remainder when 3222834 is divided by 783.
6
What is the remainder when 35732453 is divided by 620?
613
Calculate the remainder when 263181 is divided by 2605.
76
Calculate the remainder when 22679914 is divided by 36818.
26
What is the remainder when 267625 is divided by 17?
11
What is the remainder when 30122 is divided by 1590?
1502
Calculate the remainder when 11363470 is divided by 24.
22
Calculate the remainder when 4611546 is divided by 1812.
6
Calculate the remainder when 2896094 is divided by 361986.
206
Calculate the remainder when 4146655 is divided by 691103.
37
What is the remainder when 14030569 is divided by 53?
38
Calculate the remainder when 35029356 is divided by 156381.
12
Calculate the remainder when 1740448 is divided by 8.
0
Calculate the remainder when 386516 is divided by 27603.
74
Calculate the remainder when 90534 is divided by 788.
702
Calculate the remainder when 3265840 is divided by 272148.
64
What is the remainder when 325562 is divided by 325546?
16
Calculate the remainder when 9771835 is divided by 130.
125
Calculate the remainder when 79469596 is divided by 829.
827
What is the remainder when 39480859 is divided by 76?
75
What is the remainder when 5900156 is divided by 439?
435
Calculate the remainder when 2139996 is divided by 25.
21
Calculate the remainder when 85376342 is divided by 8789.
8785
What is the remainder when 18667 is divided by 8346?
1975
Calculate the remainder when 31861569 is divided by 91033.
19
What is the remainder when 123320 is divided by 173?
144
Calculate the remainder when 3688773 is divided by 6494.
181
Calculate the remainder when 113917 is divided by 63.
13
Calculate the remainder when 338116 is divided by 84519.
40
What is the remainder when 20684129 is divided by 1723676?